3
What is the highest common factor of 1220112 and 504?
72
Calculate the greatest common divisor of 245 and 14777665.
245
What is the greatest common factor of 6358 and 29040?
22
Calculate the highest common factor of 36574715 and 460.
115
Calculate the greatest common divisor of 27762200 and 20320.
5080
What is the greatest common divisor of 4706 and 232362?
26
Calculate the highest common divisor of 4501110 and 30.
30
What is the highest common divisor of 128330 and 28495?
205
What is the highest common divisor of 139217 and 14417?
13
What is the highest common divisor of 344651 and 48175?
47
Calculate the highest common factor of 10883054 and 1820.
182
What is the greatest common factor of 72000 and 131625?
1125
Calculate the greatest common divisor of 27436380 and 6560.
820
Calculate the greatest common factor of 3639953 and 11371.
137
What is the greatest common factor of 441 and 34501929?
147
Calculate the highest common divisor of 2047545 and 6380.
145
What is the highest common divisor of 780 and 6197376?
12
What is the highest common divisor of 305 and 49116895?
305
What is the greatest common divisor of 70 and 2071930?
70
Calculate the greatest common divisor of 2030 and 3719800.
70
Calculate the greatest common divisor of 533806 and 1678933.
419
Calculate the highest common divisor of 29 and 30715843.
29
Calculate the highest common factor of 272 and 30609968.
16
Calculate the greatest common factor of 5912 and 67951050.
1478
What is the greatest common divisor of 363754 and 31558?
62
What is the highest common factor of 1644971247 and 81?
81
What is the highest common divisor of 11986144 and 17594?
926
What is the greatest common divisor of 2521648 and 878204?
3644
What is the greatest common factor of 7450757 and 434?
31
What is the highest common divisor of 18023046 and 606?
606
What is the highest common factor of 718 and 57928599?
359
What is the highest common factor of 337566757 and 638?
319
Calculate the greatest common divisor of 1192281471 and 5526.
2763
What is the highest common divisor of 1561389 and 2059?
29
Calculate the greatest common factor of 614848 and 122674.
1478
What is the highest common factor of 246 and 269714?
2
What is the greatest common divisor of 150972120 and 1053?
351
What is the highest common factor of 795391 and 7073?
643
What is the greatest common factor of 1281728 and 49728?
448
Calculate the highest common divisor of 11056167 and 72.
9
What is the greatest common divisor of 41533 and 861?
41
Calculate the highest common factor of 53 and 108708989.
53
Calculate the greatest common factor of 1419 and 58830794.
473
Calculate the greatest common factor of 17540176 and 80.
16
What is the greatest common divisor of 5814272 and 6001?
17
What is the highest common factor of 90240 and 1524?
12
What is the highest common divisor of 46682280 and 310?
310
Calculate the greatest common factor of 66707021 and 1835.
367
What is the greatest common factor of 155 and 555010?
5
Calculate the highest common divisor of 1241 and 16592024.
73
What is the greatest common divisor of 41931 and 23260834?
1553
Calculate the greatest common factor of 7744 and 4583552.
64
Calculate the greatest common divisor of 9688229 and 137.
137
What is the greatest common factor of 1161 and 541069473?
129
Calculate the highest common divisor of 87702798 and 474.
474
Calculate the highest common factor of 960232 and 2296.
56
Calculate the highest common divisor of 278120 and 7480.
680
Calculate the greatest common factor of 11409 and 6918.
3
Calculate the highest common factor of 32 and 11976112.
16
Calculate the greatest common factor of 660 and 199092.
12
Calculate the greatest common factor of 76271817 and 311.
311
What is the greatest common divisor of 6 and 256654074?
6
What is the greatest common divisor of 36141 and 294827952?
5163
What is the highest common divisor of 523591 and 1758?
293
Calculate the highest common factor of 2527200 and 1204632.
8424
What is the highest common factor of 1152 and 269600?
32
Calculate the highest common factor of 931101 and 2235.
447
What is the highest common divisor of 1070636 and 140?
28
What is the highest common divisor of 375 and 4259125?
125
Calculate the greatest common divisor of 233688550 and 100.
50
What is the highest common factor of 222580 and 2657318?
718
What is the highest common divisor of 546 and 2127489?
273
Calculate the greatest common factor of 377992 and 1282108.
5108
What is the highest common divisor of 2822 and 7143893?
1411
Calculate the highest common factor of 53351 and 538673.
1721
What is the greatest common divisor of 3090 and 393150?
30
What is the greatest common divisor of 442855 and 19145?
35
What is the greatest common divisor of 5645 and 11485?
5
Calculate the greatest common divisor of 721464210 and 6255.
6255
What is the greatest common divisor of 3318 and 13841037?
1659
Calculate the greatest common divisor of 961398079 and 422.
211
What is the greatest common factor of 74494 and 9118494?
238
What is the greatest common factor of 4216204798 and 4498?
4498
Calculate the greatest common divisor of 342 and 2335024.
38
Calculate the highest common divisor of 135932346 and 253.
253
Calculate the greatest common divisor of 7050574 and 44694.
382
Calculate the greatest common factor of 416 and 70382.
26
What is the highest common factor of 6779040 and 21?
3
Calculate the highest common divisor of 598796 and 30668.
44
What is the greatest common divisor of 1133940 and 675?
15
Calculate the highest common factor of 253021 and 250016.
601
What is the greatest common factor of 2187 and 599481?
243
Calculate the highest common divisor of 10205995 and 5.
5
What is the greatest common factor of 134444232 and 75816?
2808
What is the highest common divisor of 152775 and 12872385?
4365
Calculate the highest common divisor of 277683264 and 177.
177
Calculate the highest common divisor of 546994 and 27412.
1246
Calculate the greatest common factor of 1355804 and 93012.
92
Calculate the greatest common divisor of 172717239 and 912.
57
What is the greatest common factor of 24 and 963405824?
8
What is the greatest common factor of 3745 and 32383015?
3745
Calculate the highest common divisor of 77437 and 168167.
211
Calculate the greatest common divisor of 4393741 and 321.
107
Calculate the greatest common factor of 129494376 and 1628.
1628
What is the highest common divisor of 19355284 and 496?
124
What is the greatest common divisor of 1874 and 12217543?
937
Calculate the highest common divisor of 3145 and 5894988.
629
Calculate the greatest common factor of 13115150 and 575.
25
Calculate the highest common factor of 5107464 and 876.
12
Calculate the greatest common factor of 89717932 and 113.
113
What is the greatest common divisor of 3825722 and 1903?
173
Calculate the highest common factor of 183 and 1354617.
3
What is the greatest common divisor of 9250119 and 3159?
81
What is the greatest common factor of 4276 and 24800?
4
Calculate the highest common factor of 29185 and 275665.
65
Calculate the greatest common divisor of 13332341 and 33.
11
What is the greatest common factor of 207936 and 16404?
12
What is the highest common divisor of 16768 and 40320?
128
Calculate the highest common divisor of 469 and 21160811.
469
What is the highest common factor of 82256895 and 40140?
10035
What is the greatest common factor of 1349465 and 1170?
65
What is the greatest common factor of 5831 and 2494051?
49
Calculate the greatest common divisor of 6860 and 17946950.
70
Calculate the greatest common factor of 14 and 1284897194.
14
Calculate the greatest common factor of 3255 and 52167.
3
What is the greatest common divisor of 712 and 95752?
8
What is the highest common divisor of 13694431 and 413?
59
What is the highest common divisor of 914242 and 606876?
982
Calculate the greatest common divisor of 2203696 and 9226.
1318
Calculate the greatest common factor of 5770647 and 28628.
421
Calculate the greatest common factor of 2093 and 69646369.
299
Calculate the greatest common divisor of 3188477 and 1797.
599
What is the greatest common divisor of 25789 and 8592616?
697
Calculate the greatest common divisor of 10638 and 1548026.
394
Calculate the highest common factor of 38962